


{"id":239,"date":"2015-06-25T08:55:06","date_gmt":"2015-06-25T08:55:06","guid":{"rendered":"https:\/\/site4.ctfc.cat\/?page_id=239"},"modified":"2016-02-12T09:33:16","modified_gmt":"2016-02-12T09:33:16","slug":"training-activities-on-the-use-of-crow-fire-hazard-charts","status":"publish","type":"page","link":"https:\/\/firefficient.ctfc.cat\/?page_id=239","title":{"rendered":"Training activities on the use of crow fire hazard charts"},"content":{"rendered":"<p><a href=\"https:\/\/firefficient.ctfc.cat\/wp-content\/uploads\/2014\/02\/2015_12_Crown-fire-hazart-assessment_Methodology.pdf\" target=\"_blank\">Training activities on the use of crow fire hazard charts<\/a><\/p>\n<p><a href=\"https:\/\/firefficient.ctfc.cat\/wp-content\/uploads\/2015\/06\/2015_Firefficient_Crown-fire-hazard_UK_def-Modo-de-compatibilidad.pdf\" target=\"_blank\">Operational tools for improving efficiency in wildfire risk reduction in EU landscapes (FIREfficient) -Crown fire hazard assessment tool<\/a><\/p>\n<p><a href=\"https:\/\/firefficient.ctfc.cat\/wp-content\/uploads\/2015\/06\/2015_Firefficient_Claus-de-vulnerabilitat-Foc-Cap\u00e7ades.pdf\" target=\"_blank\">Eines per a la integraci\u00f3 del risc d\u2019incendi en la gesti\u00f3 forestal (Projecte FIREfficient) &#8211; Claus per a l\u2019avaluaci\u00f3 de la vulnerabilitat de les estructures forestals al foc de cap\u00e7ades &#8211; Curs de formaci\u00f3<\/a><\/p>\n<p><a href=\"https:\/\/firefficient.ctfc.cat\/wp-content\/uploads\/2015\/06\/2015_Crown-fire-hazard_Field-Trainning-Material_UK.pdf\" target=\"_blank\">Operational tools for improving efficiency in wildfire risk reduction in EU landscapes (FIREfficient) &#8211; Crown fire hazard assessment tool &#8211; Application in the field: training material for crown fire hazard assessment in Scot Pine forests<\/a><\/p>\n<p><a href=\"docs\/20151002_Prevenci\u00f3 incendios_Zaragoza_01.pdf\" target=\"_blank\">Planificaci\u00f3n y dise\u00f1o de actuaciones y manejo del combustible forestal para la prevenci\u00f3n de incendios forestales<\/a><\/p>\n","protected":false},"excerpt":{"rendered":"<p><a href=\"https:\/\/firefficient.ctfc.cat\/wp-content\/uploads\/2014\/02\/2015_12_Crown-fire-hazart-assessment_Methodology.pdf\" target=\"_blank\">Training activities on the use of crow fire hazard charts<\/a><\/p>\n<p><a href=\"https:\/\/firefficient.ctfc.cat\/wp-content\/uploads\/2015\/06\/2015_Firefficient_Crown-fire-hazard_UK_def-Modo-de-compatibilidad.pdf\" target=\"_blank\">Operational tools for improving efficiency in wildfire risk reduction in EU landscapes (FIREfficient) -Crown fire hazard assessment tool<\/a><\/p>\n<p><a href=\"https:\/\/firefficient.ctfc.cat\/wp-content\/uploads\/2015\/06\/2015_Firefficient_Claus-de-vulnerabilitat-Foc-Cap\u00e7ades.pdf\" target=\"_blank\">Eines per a la integraci\u00f3 del risc d\u2019incendi en la gesti\u00f3 forestal (Projecte FIREfficient) &#8211; Claus per a l\u2019avaluaci\u00f3 de la vulnerabilitat de les estructures forestals al foc de cap\u00e7ades &#8211; Curs de formaci\u00f3<\/a><\/p>\n<p><a href=\"https:\/\/firefficient.ctfc.cat\/wp-content\/uploads\/2015\/06\/2015_Crown-fire-hazard_Field-Trainning-Material_UK.pdf\" target=\"_blank\">Operational tools for improving efficiency in wildfire risk reduction in EU landscapes (FIREfficient) &#8211; Crown fire hazard assessment tool &#8211; Application in the field: training material for crown fire hazard assessment in Scot Pine forests<\/a><\/p>\n<p><a href=\"docs\/20151002_Prevenci\u00f3 incendios_Zaragoza_01.pdf\" target=\"_blank\">Planificaci\u00f3n y dise\u00f1o de actuaciones y manejo del combustible forestal para la prevenci\u00f3n de incendios forestales<\/a> <br \/><a href=\"https:\/\/firefficient.ctfc.cat\/?page_id=239\">[more]<\/a><\/p>\n","protected":false},"author":1,"featured_media":0,"parent":0,"menu_order":0,"comment_status":"closed","ping_status":"closed","template":"","meta":{"_mi_skip_tracking":false,"footnotes":"","_links_to":"","_links_to_target":""},"class_list":["post-239","page","type-page","status-publish","hentry"],"_links":{"self":[{"href":"https:\/\/firefficient.ctfc.cat\/index.php?rest_route=\/wp\/v2\/pages\/239","targetHints":{"allow":["GET"]}}],"collection":[{"href":"https:\/\/firefficient.ctfc.cat\/index.php?rest_route=\/wp\/v2\/pages"}],"about":[{"href":"https:\/\/firefficient.ctfc.cat\/index.php?rest_route=\/wp\/v2\/types\/page"}],"author":[{"embeddable":true,"href":"https:\/\/firefficient.ctfc.cat\/index.php?rest_route=\/wp\/v2\/users\/1"}],"replies":[{"embeddable":true,"href":"https:\/\/firefficient.ctfc.cat\/index.php?rest_route=%2Fwp%2Fv2%2Fcomments&post=239"}],"version-history":[{"count":3,"href":"https:\/\/firefficient.ctfc.cat\/index.php?rest_route=\/wp\/v2\/pages\/239\/revisions"}],"predecessor-version":[{"id":397,"href":"https:\/\/firefficient.ctfc.cat\/index.php?rest_route=\/wp\/v2\/pages\/239\/revisions\/397"}],"wp:attachment":[{"href":"https:\/\/firefficient.ctfc.cat\/index.php?rest_route=%2Fwp%2Fv2%2Fmedia&parent=239"}],"curies":[{"name":"wp","href":"https:\/\/api.w.org\/{rel}","templated":true}]}}